{"id":39,"date":"2019-10-18T17:09:16","date_gmt":"2019-10-18T17:09:16","guid":{"rendered":"http:\/\/refugiosmarinos.com.ar\/?page_id=39"},"modified":"2019-10-24T18:33:44","modified_gmt":"2019-10-24T18:33:44","slug":"equipamiento","status":"publish","type":"page","link":"https:\/\/refugiosmarinos.com.ar\/index.php\/equipamiento\/","title":{"rendered":"Equipamiento"},"content":{"rendered":"\n<p>Aqu\u00ed podr\u00e1 encontrar el equipamiento incluido con su estad\u00eda. Haga click sobre los iconos para ver su descripci\u00f3n, simplemente seleccione uno y navegue hacia los costados. <\/p>\n\n\n\nngg_shortcode_0_placeholder\n","protected":false},"excerpt":{"rendered":"<p>Aqu\u00ed podr\u00e1 encontrar el equipamiento incluido con su estad\u00eda. Haga click sobre los iconos para ver su descripci\u00f3n, simplemente seleccione uno y navegue hacia los costados.<\/p>\n","protected":false},"author":1,"featured_media":323,"parent":0,"menu_order":0,"comment_status":"closed","ping_status":"closed","template":"","meta":{"ngg_post_thumbnail":0,"footnotes":""},"class_list":["post-39","page","type-page","status-publish","has-post-thumbnail","hentry"],"_links":{"self":[{"href":"https:\/\/refugiosmarinos.com.ar\/index.php\/wp-json\/wp\/v2\/pages\/39","targetHints":{"allow":["GET"]}}],"collection":[{"href":"https:\/\/refugiosmarinos.com.ar\/index.php\/wp-json\/wp\/v2\/pages"}],"about":[{"href":"https:\/\/refugiosmarinos.com.ar\/index.php\/wp-json\/wp\/v2\/types\/page"}],"author":[{"embeddable":true,"href":"https:\/\/refugiosmarinos.com.ar\/index.php\/wp-json\/wp\/v2\/users\/1"}],"replies":[{"embeddable":true,"href":"https:\/\/refugiosmarinos.com.ar\/index.php\/wp-json\/wp\/v2\/comments?post=39"}],"version-history":[{"count":24,"href":"https:\/\/refugiosmarinos.com.ar\/index.php\/wp-json\/wp\/v2\/pages\/39\/revisions"}],"predecessor-version":[{"id":378,"href":"https:\/\/refugiosmarinos.com.ar\/index.php\/wp-json\/wp\/v2\/pages\/39\/revisions\/378"}],"wp:featuredmedia":[{"embeddable":true,"href":"https:\/\/refugiosmarinos.com.ar\/index.php\/wp-json\/wp\/v2\/media\/323"}],"wp:attachment":[{"href":"https:\/\/refugiosmarinos.com.ar\/index.php\/wp-json\/wp\/v2\/media?parent=39"}],"curies":[{"name":"wp","href":"https:\/\/api.w.org\/{rel}","templated":true}]}}